{"id":27,"date":"2022-08-09T09:40:04","date_gmt":"2022-08-09T09:40:04","guid":{"rendered":"https:\/\/vigilant-hawking.85-214-153-108.plesk.page\/en\/?page_id=27"},"modified":"2022-09-08T05:49:48","modified_gmt":"2022-09-08T05:49:48","slug":"kontakt","status":"publish","type":"page","link":"https:\/\/www.andechser-am-dom.de\/en\/kontakt\/","title":{"rendered":"Contact"},"content":{"rendered":"\n<h2 class=\"wp-block-heading\"><strong>Der Andechser am Dom<\/strong><\/h2>\n\n\n\n<div class=\"wp-block-group is-nowrap is-layout-flex wp-container-core-group-is-layout-ad2f72ca wp-block-group-is-layout-flex\">\n<div class=\"wp-block-columns is-layout-flex wp-container-core-columns-is-layout-9d6595d7 wp-block-columns-is-layout-flex\">\n<div class=\"wp-block-column is-layout-flow wp-block-column-is-layout-flow\">\n<p>Gastst\u00e4ttenbetriebs GmbH<br>Frauenplatz 7<br>80331 M\u00fcnchen<\/p>\n\n\n\n<p>Office:<br>Sch\u00e4fflerstra\u00dfe 8<br>80333 M\u00fcnchen<\/p>\n\n\n\n<p>T +49 89 24 29 29 20<br>F +49 89 29 54 42<\/p>\n\n\n\n<p>M <a href=\"mailto:info@andechser-am-dom.de\">info@andechser-am-dom.de<\/a><br><a href=\"http:\/\/www.andechser-am-dom.de\">www.andechser-am-dom.de<\/a><\/p>\n\n\n\n<p>Management: Julia Kr\u00e4tz<\/p>\n\n\n\n<p>Owner: Kr\u00e4tz family<\/p>\n<\/div>\n\n\n\n<div class=\"wp-block-column is-layout-flow wp-block-column-is-layout-flow\">\n<figure class=\"wp-block-image size-full borderimg\"><img loading=\"lazy\" decoding=\"async\" width=\"1020\" height=\"680\" src=\"https:\/\/www.andechser-am-dom.de\/en\/wp-content\/uploads\/sites\/2\/2022\/08\/DSC07029-1020x680-1.jpg\" alt=\"\" class=\"wp-image-83\" srcset=\"https:\/\/www.andechser-am-dom.de\/en\/wp-content\/uploads\/sites\/2\/2022\/08\/DSC07029-1020x680-1.jpg 1020w, https:\/\/www.andechser-am-dom.de\/en\/wp-content\/uploads\/sites\/2\/2022\/08\/DSC07029-1020x680-1-300x200.jpg 300w, https:\/\/www.andechser-am-dom.de\/en\/wp-content\/uploads\/sites\/2\/2022\/08\/DSC07029-1020x680-1-768x512.jpg 768w\" sizes=\"auto, (max-width: 1020px) 100vw, 1020px\" \/><\/figure>\n<\/div>\n<\/div>\n<\/div>\n","protected":false},"excerpt":{"rendered":"<p>Der Andechser am Dom Gastst\u00e4ttenbetriebs GmbHFrauenplatz 780331 M\u00fcnchen Office:Sch\u00e4fflerstra\u00dfe 880333 M\u00fcnchen T +49 89 24 29 29 20F +49 89 29 54 42 M info@andechser-am-dom.dewww.andechser-am-dom.de Management: Julia Kr\u00e4tz Owner: Kr\u00e4tz family<\/p>\n","protected":false},"author":1,"featured_media":0,"parent":0,"menu_order":0,"comment_status":"closed","ping_status":"closed","template":"","meta":{"ocean_post_layout":"","ocean_both_sidebars_style":"","ocean_both_sidebars_content_width":0,"ocean_both_sidebars_sidebars_width":0,"ocean_sidebar":"0","ocean_second_sidebar":"0","ocean_disable_margins":"enable","ocean_add_body_class":"","ocean_shortcode_before_top_bar":"","ocean_shortcode_after_top_bar":"","ocean_shortcode_before_header":"","ocean_shortcode_after_header":"[smartslider3 slider=\"2\"]","ocean_has_shortcode":"","ocean_shortcode_after_title":"","ocean_shortcode_before_footer_widgets":"","ocean_shortcode_after_footer_widgets":"","ocean_shortcode_before_footer_bottom":"","ocean_shortcode_after_footer_bottom":"","ocean_display_top_bar":"default","ocean_display_header":"default","ocean_header_style":"","ocean_center_header_left_menu":"0","ocean_custom_header_template":"0","ocean_custom_logo":0,"ocean_custom_retina_logo":0,"ocean_custom_logo_max_width":0,"ocean_custom_logo_tablet_max_width":0,"ocean_custom_logo_mobile_max_width":0,"ocean_custom_logo_max_height":0,"ocean_custom_logo_tablet_max_height":0,"ocean_custom_logo_mobile_max_height":0,"ocean_header_custom_menu":"0","ocean_menu_typo_font_family":"0","ocean_menu_typo_font_subset":"","ocean_menu_typo_font_size":0,"ocean_menu_typo_font_size_tablet":0,"ocean_menu_typo_font_size_mobile":0,"ocean_menu_typo_font_size_unit":"px","ocean_menu_typo_font_weight":"","ocean_menu_typo_font_weight_tablet":"","ocean_menu_typo_font_weight_mobile":"","ocean_menu_typo_transform":"","ocean_menu_typo_transform_tablet":"","ocean_menu_typo_transform_mobile":"","ocean_menu_typo_line_height":0,"ocean_menu_typo_line_height_tablet":0,"ocean_menu_typo_line_height_mobile":0,"ocean_menu_typo_line_height_unit":"","ocean_menu_typo_spacing":0,"ocean_menu_typo_spacing_tablet":0,"ocean_menu_typo_spacing_mobile":0,"ocean_menu_typo_spacing_unit":"","ocean_menu_link_color":"","ocean_menu_link_color_hover":"","ocean_menu_link_color_active":"","ocean_menu_link_background":"","ocean_menu_link_hover_background":"","ocean_menu_link_active_background":"","ocean_menu_social_links_bg":"","ocean_menu_social_hover_links_bg":"","ocean_menu_social_links_color":"","ocean_menu_social_hover_links_color":"","ocean_disable_title":"default","ocean_disable_heading":"default","ocean_post_title":"","ocean_post_subheading":"","ocean_post_title_style":"","ocean_post_title_background_color":"","ocean_post_title_background":0,"ocean_post_title_bg_image_position":"","ocean_post_title_bg_image_attachment":"","ocean_post_title_bg_image_repeat":"","ocean_post_title_bg_image_size":"","ocean_post_title_height":0,"ocean_post_title_bg_overlay":0.5,"ocean_post_title_bg_overlay_color":"","ocean_disable_breadcrumbs":"default","ocean_breadcrumbs_color":"","ocean_breadcrumbs_separator_color":"","ocean_breadcrumbs_links_color":"","ocean_breadcrumbs_links_hover_color":"","ocean_display_footer_widgets":"default","ocean_display_footer_bottom":"default","ocean_custom_footer_template":"0","footnotes":""},"class_list":["post-27","page","type-page","status-publish","hentry","entry"],"_links":{"self":[{"href":"https:\/\/www.andechser-am-dom.de\/en\/wp-json\/wp\/v2\/pages\/27","targetHints":{"allow":["GET"]}}],"collection":[{"href":"https:\/\/www.andechser-am-dom.de\/en\/wp-json\/wp\/v2\/pages"}],"about":[{"href":"https:\/\/www.andechser-am-dom.de\/en\/wp-json\/wp\/v2\/types\/page"}],"author":[{"embeddable":true,"href":"https:\/\/www.andechser-am-dom.de\/en\/wp-json\/wp\/v2\/users\/1"}],"replies":[{"embeddable":true,"href":"https:\/\/www.andechser-am-dom.de\/en\/wp-json\/wp\/v2\/comments?post=27"}],"version-history":[{"count":5,"href":"https:\/\/www.andechser-am-dom.de\/en\/wp-json\/wp\/v2\/pages\/27\/revisions"}],"predecessor-version":[{"id":838,"href":"https:\/\/www.andechser-am-dom.de\/en\/wp-json\/wp\/v2\/pages\/27\/revisions\/838"}],"wp:attachment":[{"href":"https:\/\/www.andechser-am-dom.de\/en\/wp-json\/wp\/v2\/media?parent=27"}],"curies":[{"name":"wp","href":"https:\/\/api.w.org\/{rel}","templated":true}]}}

<h2 class="wp-block-heading"><strong>Der Andechser am Dom</strong></h2>



<div class="wp-block-group is-nowrap is-layout-flex wp-container-core-group-is-layout-ad2f72ca wp-block-group-is-layout-flex">
<div class="wp-block-columns is-layout-flex wp-container-core-columns-is-layout-9d6595d7 wp-block-columns-is-layout-flex">
<div class="wp-block-column is-layout-flow wp-block-column-is-layout-flow">
<p>Gaststättenbetriebs GmbH<br>Frauenplatz 7<br>80331 München</p>



<p>Office:<br>Schäfflerstraße 8<br>80333 München</p>



<p>T +49 89 24 29 29 20<br>F +49 89 29 54 42</p>



<p>M <a href="mailto:info@andechser-am-dom.de">info@andechser-am-dom.de</a><br><a href="http://www.andechser-am-dom.de">www.andechser-am-dom.de</a></p>



<p>Management: Julia Krätz</p>



<p>Owner: Krätz family</p>
</div>



<div class="wp-block-column is-layout-flow wp-block-column-is-layout-flow">
<figure class="wp-block-image size-full borderimg"><img loading="lazy" decoding="async" width="1020" height="680" src="https://www.andechser-am-dom.de/en/wp-content/uploads/sites/2/2022/08/DSC07029-1020x680-1.jpg" alt="" class="wp-image-83" srcset="https://www.andechser-am-dom.de/en/wp-content/uploads/sites/2/2022/08/DSC07029-1020x680-1.jpg 1020w, https://www.andechser-am-dom.de/en/wp-content/uploads/sites/2/2022/08/DSC07029-1020x680-1-300x200.jpg 300w, https://www.andechser-am-dom.de/en/wp-content/uploads/sites/2/2022/08/DSC07029-1020x680-1-768x512.jpg 768w" sizes="auto, (max-width: 1020px) 100vw, 1020px" /></figure>
</div>
</div>
</div>

<p>Der Andechser am Dom Gaststättenbetriebs GmbHFrauenplatz 780331 München Office:Schäfflerstraße 880333 München T +49 89 24 29 29 20F +49 89 29 54 42 M info@andechser-am-dom.dewww.andechser-am-dom.de Management: Julia Krätz Owner: Krätz family</p>
